{"id":478,"date":"2025-07-01T13:33:00","date_gmt":"2025-07-01T10:33:00","guid":{"rendered":"https:\/\/verkkokauppa.ouka.fi\/oulu2026\/?page_id=478"},"modified":"2026-03-31T16:14:39","modified_gmt":"2026-03-31T13:14:39","slug":"tietoa-meista","status":"publish","type":"page","link":"https:\/\/verkkokauppa.ouka.fi\/oulu2026\/tietoa-meista\/","title":{"rendered":"Tietoa meist\u00e4"},"content":{"rendered":"\n<p>Oulu2026 verkkokaupasta l\u00f6yd\u00e4t viralliset Oulu2026 fanituotteet Euroopan kulttuurip\u00e4\u00e4kaupungin juhlaan! <br>Verkkokauppa toimii Oulun kaupungin alustalla osoitteessa verkkokauppa.ouka.fi\/oulu2026 <br><br>Toimitamme Oulu2026-fanituotteita Suomeen ja ulkomaille. Lis\u00e4ksi Oulu2026-verkkokaupasta voi varata p\u00e4\u00e4symaksuttomia lippuja Kaupungintalon n\u00e4yttelyihin Rauhankoneen kerroksia ja Korvamato &#8211; Mediataidetta Kiasmasta. <br><br>Verkkokaupan asiakaspalvelusta vastaa Oulu10 palvelupiste, yhteystiedot l\u00f6yd\u00e4t sivun lopusta. <\/p>\n\n\n\n<div class=\"wp-block-buttons is-layout-flex wp-block-buttons-is-layout-flex\">\n<div class=\"wp-block-button\"><a class=\"wp-block-button__link wp-element-button\" href=\"https:\/\/verkkokauppa.ouka.fi\/oulu2026\/usein-kysytyt-kysymykset\/\">Tutustu usein kysyttyihin kysymyksiin<\/a><\/div>\n<\/div>\n\n\n\n<div style=\"height:35px\" aria-hidden=\"true\" class=\"wp-block-spacer\"><\/div>\n\n\n\n<div class=\"wp-block-columns is-layout-flex wp-container-core-columns-is-layout-28f84493 wp-block-columns-is-layout-flex\">\n<div class=\"wp-block-column is-layout-flow wp-block-column-is-layout-flow\">\n<p class=\"has-medium-font-size\"><strong>Oulu2026-tuotteita saatavilla my\u00f6s Oulu2026 Infosta! <\/strong><\/p>\n\n\n\n<p><strong>Oulu2026 Info<\/strong> <strong>&amp; Shop<\/strong><br>Sis\u00e4\u00e4nk\u00e4ynti 2krs, Kauppakeskus Pekuri <br>Osoite: Kauppurienkatu 10, 90100 Oulu <br>info@oulu2026.eu<br><br><strong>Avoinna<\/strong><br>Ma-la: 11-19<br>Su: 11-18 <br> <br><strong>Oulu10<\/strong> <br>Torikatu 10, Oulu<br>Avoinna ma-pe 8-16<br>Tarkista aukioloajat <a href=\"https:\/\/www.ouka.fi\/asiakaspalvelu\" target=\"_blank\" rel=\"noreferrer noopener\">t\u00e4\u00e4lt\u00e4<\/a><br><br>Oulu2026-tuotteita l\u00f6yd\u00e4t my\u00f6s Oulu10:n aulasta. Tuotteita on esill\u00e4 lasivitriiniss\u00e4 p\u00e4\u00e4ovista oikealla.<\/p>\n\n\n\n<p><strong>Oulun Kauppahalli<\/strong><br>Oulun matkailuneuvonnan piste<br><br>Tarkista aukioloajat t\u00e4\u00e4lt\u00e4: <a href=\"https:\/\/visitoulu.fi\/info\/\">Matkailuinfo &#8211; Visit Oulu<\/a><\/p>\n<\/div>\n\n\n\n<div class=\"wp-block-column is-layout-flow wp-block-column-is-layout-flow\">\n<figure class=\"wp-block-image size-full is-resized\"><img loading=\"lazy\" decoding=\"async\" width=\"614\" height=\"768\" src=\"https:\/\/verkkokauppa.ouka.fi\/oulu2026\/wp-content\/uploads\/sites\/5\/2026\/03\/Some_tuotekuvat_Kuva_Linnea_Laatikainen-08.jpg\" alt=\"Some tuotekuvat Kuva Linnea Laatikainen\" class=\"wp-image-5972\" style=\"width:275px;height:auto\" srcset=\"https:\/\/verkkokauppa.ouka.fi\/oulu2026\/wp-content\/uploads\/sites\/5\/2026\/03\/Some_tuotekuvat_Kuva_Linnea_Laatikainen-08.jpg 614w, https:\/\/verkkokauppa.ouka.fi\/oulu2026\/wp-content\/uploads\/sites\/5\/2026\/03\/Some_tuotekuvat_Kuva_Linnea_Laatikainen-08-240x300.jpg 240w, https:\/\/verkkokauppa.ouka.fi\/oulu2026\/wp-content\/uploads\/sites\/5\/2026\/03\/Some_tuotekuvat_Kuva_Linnea_Laatikainen-08-416x520.jpg 416w\" sizes=\"auto, (max-width: 614px) 100vw, 614px\" \/><\/figure>\n<\/div>\n<\/div>\n\n\n\n<p class=\"has-medium-font-size\"><br><strong>Kysytt\u00e4v\u00e4\u00e4? Verkkokaupan asiakaspalvelu palvelee sinua<\/strong><\/p>\n\n\n\n<p>S\u00e4hk\u00f6posti:&nbsp;<a href=\"mailto:oulu10@ouka.fi\">oulu10@ouka.fi<\/a><br>Puhelin:&nbsp;<a href=\"tel:+3580855855800\">08 558 558 00<\/a><\/p>\n\n\n\n<p>Lue lis\u00e4\u00e4 verkkokaupan toimitusehdoista, reklamoinnista ja tuotteiden postittamisesta <a href=\"https:\/\/verkkokauppa.ouka.fi\/oulu2026\/toimitusehdot\/\" data-type=\"page\" data-id=\"8\"><span style=\"text-decoration: underline\">t\u00e4\u00e4ll\u00e4<\/span><\/a><br><br><\/p>\n\n\n\n<p><br><strong>Oulun kaupunki (Y-tunnus 0187690\u20111)<\/strong> yll\u00e4pit\u00e4\u00e4 kauppaa. Maksut hoidetaan suojatusti Suomi.fi\/Paytrail-palvelun kautta (k\u00e4yt\u00f6ss\u00e4 verkkopankkimaksut ja maksukortit Visa &amp; MasterCard). Jos asut ulkomailla ja haluat tilata meilt\u00e4 tuotteita, l\u00e4het\u00e4 viesti\u00e4 osoitteeseen press@oulu2026.eu niin olemme sinuun yhteydess\u00e4!<\/p>\n","protected":false},"excerpt":{"rendered":"<p>Oulu2026 verkkokaupasta l\u00f6yd\u00e4t viralliset Oulu2026 fanituotteet Euroopan kulttuurip\u00e4\u00e4kaupungin juhlaan! Verkkokauppa toimii Oulun kaupungin alustalla osoitteessa verkkokauppa.ouka.fi\/oulu2026 Toimitamme Oulu2026-fanituotteita Suomeen ja ulkomaille. Lis\u00e4ksi Oulu2026-verkkokaupasta voi varata p\u00e4\u00e4symaksuttomia lippuja Kaupungintalon n\u00e4yttelyihin Rauhankoneen kerroksia ja Korvamato &#8211; Mediataidetta Kiasmasta. Verkkokaupan asiakaspalvelusta vastaa Oulu10 palvelupiste, yhteystiedot l\u00f6yd\u00e4t sivun lopusta. Oulu2026-tuotteita saatavilla my\u00f6s Oulu2026 Infosta! Oulu2026 Info &amp; ShopSis\u00e4\u00e4nk\u00e4ynti 2krs, [&hellip;]<\/p>\n","protected":false},"author":639,"featured_media":0,"parent":0,"menu_order":0,"comment_status":"closed","ping_status":"closed","template":"","meta":{"slim_seo":{"title":"Tietoa meist\u00e4 - Oulu2026-verkkokauppa","description":"Oulu2026 verkkokaupasta l\u00f6yd\u00e4t viralliset Oulu2026 fanituotteet Euroopan kulttuurip\u00e4\u00e4kaupungin juhlaan! Verkkokauppa toimii Oulun kaupungin alustalla osoitteess"},"footnotes":""},"class_list":["post-478","page","type-page","status-publish","hentry"],"_links":{"self":[{"href":"https:\/\/verkkokauppa.ouka.fi\/oulu2026\/wp-json\/wp\/v2\/pages\/478","targetHints":{"allow":["GET"]}}],"collection":[{"href":"https:\/\/verkkokauppa.ouka.fi\/oulu2026\/wp-json\/wp\/v2\/pages"}],"about":[{"href":"https:\/\/verkkokauppa.ouka.fi\/oulu2026\/wp-json\/wp\/v2\/types\/page"}],"author":[{"embeddable":true,"href":"https:\/\/verkkokauppa.ouka.fi\/oulu2026\/wp-json\/wp\/v2\/users\/639"}],"replies":[{"embeddable":true,"href":"https:\/\/verkkokauppa.ouka.fi\/oulu2026\/wp-json\/wp\/v2\/comments?post=478"}],"version-history":[{"count":42,"href":"https:\/\/verkkokauppa.ouka.fi\/oulu2026\/wp-json\/wp\/v2\/pages\/478\/revisions"}],"predecessor-version":[{"id":5979,"href":"https:\/\/verkkokauppa.ouka.fi\/oulu2026\/wp-json\/wp\/v2\/pages\/478\/revisions\/5979"}],"wp:attachment":[{"href":"https:\/\/verkkokauppa.ouka.fi\/oulu2026\/wp-json\/wp\/v2\/media?parent=478"}],"curies":[{"name":"wp","href":"https:\/\/api.w.org\/{rel}","templated":true}]}}