{"id":377,"date":"2025-07-01T13:29:43","date_gmt":"2025-07-01T10:29:43","guid":{"rendered":"https:\/\/verkkokauppa.ouka.fi\/oulu2026\/tuote\/oulu2026-unisex-college-pinkki\/"},"modified":"2026-03-06T14:55:12","modified_gmt":"2026-03-06T12:55:12","slug":"oulu2026-unisex-college-pinkki","status":"publish","type":"product","link":"https:\/\/verkkokauppa.ouka.fi\/oulu2026\/tuote\/oulu2026-unisex-college-pinkki\/","title":{"rendered":"Collegepaita, unisex"},"content":{"rendered":"<p>Medium fit -mallinen collegepaita, valmistettu paksusta 350 gsm:n kankaasta. Sertifioidusti vastuullinen \u2013 100 % luomupuuvillaa.<\/p>\n<p>Printti edess\u00e4 ja sel\u00e4ss\u00e4<\/p>\n<h4>Kokotaulukko<\/h4>\n<table style=\"width: 75%\">\n<tbody>\n<tr>\n<th>Koko<\/th>\n<th>Leveys<\/th>\n<th>Pituus<\/th>\n<th>Hihan pituus<\/th>\n<\/tr>\n<tr>\n<td>XS<\/td>\n<td>53,0 cm<\/td>\n<td>67,0 cm<\/td>\n<td>60,5 cm<\/td>\n<\/tr>\n<tr>\n<td>S<\/td>\n<td>55,0 cm<\/td>\n<td>71,0 cm<\/td>\n<td>64,5 cm<\/td>\n<\/tr>\n<tr>\n<td>M<\/td>\n<td>59,0 cm<\/td>\n<td>74,0 cm<\/td>\n<td>66,5 cm<\/td>\n<\/tr>\n<tr>\n<td>L<\/td>\n<td>62,0 cm<\/td>\n<td>76,0 cm<\/td>\n<td>68,5 cm<\/td>\n<\/tr>\n<tr>\n<td>XL<\/td>\n<td>65,0 cm<\/td>\n<td>78,0 cm<\/td>\n<td>69,0 cm<\/td>\n<\/tr>\n<tr>\n<td>2XL<\/td>\n<td>69,0 cm<\/td>\n<td>80,0 cm<\/td>\n<td>69,5 cm<\/td>\n<\/tr>\n<tr>\n<td>3XL<\/td>\n<td>73,0 cm<\/td>\n<td>82,0 cm<\/td>\n<td>69,5 cm<\/td>\n<\/tr>\n<\/tbody>\n<\/table>\n","protected":false},"excerpt":{"rendered":"<p>Medium fit -mallinen collegepaita, valmistettu paksusta 350 gsm:n kankaasta. Sertifioidusti vastuullinen \u2013 100 % luomupuuvillaa. Printti edess\u00e4 ja sel\u00e4ss\u00e4 Kokotaulukko Koko Leveys Pituus Hihan pituus XS 53,0 cm 67,0 cm 60,5 cm S 55,0 cm 71,0 cm 64,5 cm M 59,0 cm 74,0 cm 66,5 cm L 62,0 cm 76,0 cm 68,5 cm XL 65,0 [&hellip;]<\/p>\n","protected":false},"featured_media":374,"template":"","meta":{"slim_seo":{"title":"Collegepaita, unisex - Oulu2026-verkkokauppa","description":"Medium fit -mallinen collegepaita, valmistettu paksusta 350 gsm:n kankaasta. Sertifioidusti vastuullinen \u2013 100 % luomupuuvillaa. Printti edess\u00e4 ja sel\u00e4ss\u00e4 Kokot"}},"product_brand":[],"product_cat":[38],"product_tag":[],"class_list":{"0":"post-377","1":"product","2":"type-product","3":"status-publish","4":"has-post-thumbnail","6":"product_cat-vaatteet","8":"first","9":"instock","10":"taxable","11":"shipping-taxable","12":"purchasable","13":"product-type-variable"},"_links":{"self":[{"href":"https:\/\/verkkokauppa.ouka.fi\/oulu2026\/wp-json\/wp\/v2\/product\/377","targetHints":{"allow":["GET"]}}],"collection":[{"href":"https:\/\/verkkokauppa.ouka.fi\/oulu2026\/wp-json\/wp\/v2\/product"}],"about":[{"href":"https:\/\/verkkokauppa.ouka.fi\/oulu2026\/wp-json\/wp\/v2\/types\/product"}],"wp:featuredmedia":[{"embeddable":true,"href":"https:\/\/verkkokauppa.ouka.fi\/oulu2026\/wp-json\/wp\/v2\/media\/374"}],"wp:attachment":[{"href":"https:\/\/verkkokauppa.ouka.fi\/oulu2026\/wp-json\/wp\/v2\/media?parent=377"}],"wp:term":[{"taxonomy":"product_brand","embeddable":true,"href":"https:\/\/verkkokauppa.ouka.fi\/oulu2026\/wp-json\/wp\/v2\/product_brand?post=377"},{"taxonomy":"product_cat","embeddable":true,"href":"https:\/\/verkkokauppa.ouka.fi\/oulu2026\/wp-json\/wp\/v2\/product_cat?post=377"},{"taxonomy":"product_tag","embeddable":true,"href":"https:\/\/verkkokauppa.ouka.fi\/oulu2026\/wp-json\/wp\/v2\/product_tag?post=377"}],"curies":[{"name":"wp","href":"https:\/\/api.w.org\/{rel}","templated":true}]}}