{"id":387,"date":"2025-07-01T13:30:01","date_gmt":"2025-07-01T10:30:01","guid":{"rendered":"https:\/\/verkkokauppa.ouka.fi\/oulu2026\/tuote\/oulu2026-unisex-pitkahihainen-t-paita\/"},"modified":"2026-04-17T15:06:41","modified_gmt":"2026-04-17T12:06:41","slug":"oulu2026-unisex-pitkahihainen-t-paita","status":"publish","type":"product","link":"https:\/\/verkkokauppa.ouka.fi\/oulu2026\/tuote\/oulu2026-unisex-pitkahihainen-t-paita\/","title":{"rendered":"Pitk\u00e4hihainen t-paita, unisex"},"content":{"rendered":"<p>Medium fit -mallinen pitk\u00e4hihainen t-paita, valmistettu 180 gsm:n kankaasta. Sertifioidusti vastuullinen \u2013 100 % luomupuuvillaa.<\/p>\n<p>Printti edess\u00e4 ja sel\u00e4ss\u00e4<\/p>\n<h4>Kokotaulukko<\/h4>\n<table style=\"width: 75%\">\n<tbody>\n<tr>\n<th>Koko<\/th>\n<th>Leveys<\/th>\n<th>Pituus<\/th>\n<th>Hihan pituus<\/th>\n<\/tr>\n<tr>\n<td>XXS<\/td>\n<td>45,5 cm<\/td>\n<td>62,0 cm<\/td>\n<td>60,5 cm<\/td>\n<\/tr>\n<tr>\n<td>XS<\/td>\n<td>47,5 cm<\/td>\n<td>65,0 cm<\/td>\n<td>61,5 cm<\/td>\n<\/tr>\n<tr>\n<td>S<\/td>\n<td>49,5 cm<\/td>\n<td>69,0 cm<\/td>\n<td>63,0 cm<\/td>\n<\/tr>\n<tr>\n<td>M<\/td>\n<td>53,5 cm<\/td>\n<td>73,0 cm<\/td>\n<td>64,5 cm<\/td>\n<\/tr>\n<tr>\n<td>L<\/td>\n<td>56,5 cm<\/td>\n<td>75,0 cm<\/td>\n<td>65,0 cm<\/td>\n<\/tr>\n<tr>\n<td>XL<\/td>\n<td>59,5 cm<\/td>\n<td>77,0 cm<\/td>\n<td>69,5 cm<\/td>\n<\/tr>\n<tr>\n<td>2XL<\/td>\n<td>63,5 cm<\/td>\n<td>79,0 cm<\/td>\n<td>66,0 cm<\/td>\n<\/tr>\n<tr>\n<td>3XL<\/td>\n<td>67,5 cm<\/td>\n<td>81,0 cm<\/td>\n<td>66,5 cm<\/td>\n<\/tr>\n<\/tbody>\n<\/table>\n","protected":false},"excerpt":{"rendered":"<p>Medium fit -mallinen pitk\u00e4hihainen t-paita, valmistettu 180 gsm:n kankaasta. Sertifioidusti vastuullinen \u2013 100 % luomupuuvillaa. Printti edess\u00e4 ja sel\u00e4ss\u00e4 Kokotaulukko Koko Leveys Pituus Hihan pituus XXS 45,5 cm 62,0 cm 60,5 cm XS 47,5 cm 65,0 cm 61,5 cm S 49,5 cm 69,0 cm 63,0 cm M 53,5 cm 73,0 cm 64,5 cm L 56,5 [&hellip;]<\/p>\n","protected":false},"featured_media":384,"template":"","meta":{"slim_seo":{"title":"Pitk\u00e4hihainen paita (unisex)","description":"Medium fit -mallinen pitk\u00e4hihainen t-paita, valmistettu 180 gsm:n kankaasta. Sertifioidusti vastuullinen \u2013 100 % luomupuuvillaa. Printti edess\u00e4 ja sel\u00e4ss\u00e4 Kokot"}},"product_brand":[],"product_cat":[38],"product_tag":[],"class_list":{"0":"post-387","1":"product","2":"type-product","3":"status-publish","4":"has-post-thumbnail","6":"product_cat-vaatteet","8":"first","9":"instock","10":"taxable","11":"shipping-taxable","12":"purchasable","13":"product-type-variable"},"_links":{"self":[{"href":"https:\/\/verkkokauppa.ouka.fi\/oulu2026\/wp-json\/wp\/v2\/product\/387","targetHints":{"allow":["GET"]}}],"collection":[{"href":"https:\/\/verkkokauppa.ouka.fi\/oulu2026\/wp-json\/wp\/v2\/product"}],"about":[{"href":"https:\/\/verkkokauppa.ouka.fi\/oulu2026\/wp-json\/wp\/v2\/types\/product"}],"wp:featuredmedia":[{"embeddable":true,"href":"https:\/\/verkkokauppa.ouka.fi\/oulu2026\/wp-json\/wp\/v2\/media\/384"}],"wp:attachment":[{"href":"https:\/\/verkkokauppa.ouka.fi\/oulu2026\/wp-json\/wp\/v2\/media?parent=387"}],"wp:term":[{"taxonomy":"product_brand","embeddable":true,"href":"https:\/\/verkkokauppa.ouka.fi\/oulu2026\/wp-json\/wp\/v2\/product_brand?post=387"},{"taxonomy":"product_cat","embeddable":true,"href":"https:\/\/verkkokauppa.ouka.fi\/oulu2026\/wp-json\/wp\/v2\/product_cat?post=387"},{"taxonomy":"product_tag","embeddable":true,"href":"https:\/\/verkkokauppa.ouka.fi\/oulu2026\/wp-json\/wp\/v2\/product_tag?post=387"}],"curies":[{"name":"wp","href":"https:\/\/api.w.org\/{rel}","templated":true}]}}